, -k = -4*a + 52. Let u = -3 - a. What is the units digit of (-3)/u + 102/15?
7
Suppose -5*d - 2*q = 2*q - 5, 2*d = -q + 5. Suppose d*j = 79 + 216. What is the tens digit of j?
5
Let z(j) = j**3 + 5*j**2 - 9*j - 15. Let w be z(-6). Suppose -w*b + 8*x - 3*x = -573, 3*b - 582 = 2*x. What is the hundreds digit of b?
1
Suppose 48564 = 35*a - 128396. What is the thousands digit of a?
5
Let o(p) be the first derivative of -p**4/4 - 3*p**3 - 23*p**2/2 - 3*p + 3. What is the hundreds digit of o(-10)?
3
Let v(z) = 2*z**3 - 14*z**2 + 13*z - 9. Let b be v(6). What is the tens digit of ((-2219)/(-21) - 6) + (-4)/b?
0
What is the hundreds digit of (3/9)/((-1)/(-666))?
2
Let h = 79 - 88. Let v(k) = -2*k**3 - 16*k**2 - 8*k + 7. What is the tens digit of v(h)?
4
Let x(a) = -26*a**3 - 2*a**2 + 4*a - 18. What is the units digit of x(-4)?
8
Let l(b) = -5 + 2*b - 2*b + 4*b. Let d(s) = -s**3 + 10*s**2 - 6*s - 22. Let c be d(9). What is the tens digit of l(c)?
1
Let z(a) = 67*a**2 - 3*a + 2. Let o(d) = -d**2 + 6*d + 1. Let s be o(6). What is the tens digit of z(s)?
6
Let l = 691 + 493. What is the hundreds digit of l?
1
Let y = 2463 + -1606. What is the hundreds digit of y?
8
Let y be -1 - (0 - 4 - 0). Suppose 163 = y*k + a, 4*k + 2*a - 212 = -2*a. What is the tens digit of k?
5
Let h(w) be the third derivative of w**5/6 + 11*w**4/24 - w**3/2 - 6*w**2. What is the hundreds digit of h(3)?
1
Let r be (1/3)/((-10)/(-3210)). Let b = r + -211. Let d = -65 - b. What is the tens digit of d?
3
What is the hundreds digit of (1 - (-20094)/27) + (-4)/18?
7
Let s be (-2)/6 + (-80)/(-15). Suppose 5*f + 5 + 5 = -2*h, -5*f + 4*h + 20 = 0. Suppose f = s*a + v - 337, 3*a - 104 = -4*v + 88. What is the units digit of a?
8
Suppose -3*l = -2*r + 44, -6 - 16 = -r + 3*l. Let h(z) = 3*z**2 + 5*z + 2. Let n be h(-3). Suppose r = 2*o - n. What is the units digit of o?
8
Let f(v) = -3 + 3 + 176*v - 1 - 1. What is the hundreds digit of f(1)?
1
Let y(o) = -3*o - 5. Let l be y(-6). Let q = -51 + 43. Let k = q + l. What is the units digit of k?
5
Let l(j) be the second derivative of 2*j**3/3 + 35*j**2 + 7*j. What is the units digit of l(0)?
0
Suppose -9849 = -3*m + 3*y, -4119 - 5738 = -3*m + y. What is the thousands digit of m?
3
Let v(o) = -o**3 + 2*o**2 + 3. Let p be v(0). Suppose -210 + 6 = -p*l. What is the tens digit of l?
6
Let u be (2 - -1)*10/15. Let j(l) = 2 - l**2 + 2 + 10*l - u + 0*l**2. What is the tens digit of j(7)?
2
Suppose -17 = 3*b - 5. Let s be 0 - (1 - (-3 - 23)). Let d = b - s. What is the units digit of d?
3
Suppose 3*k = -2*k. What is the units digit of 7 + k - (9 - 7)?
5
Let n(w) = -w**3 + 8*w**2 + 8*w + 6. Let j be n(9). What is the tens digit of j*((-248)/12 - 3)?
7
Let b(k) = -62*k**2 + 3*k - 4. Let a(f) = 61*f**2 - 2*f + 3. Let q(z) = 4*a(z) + 3*b(z). What is the units digit of q(-1)?
7
Suppose 0 = -18*f + 10*f + 7880. What is the units digit of f?
5
Suppose 2*g = -5*w - 12, -45 = -5*g + 2*w - 17. Let n(i) = 1 + 4*i**2 - 3 - 2*i**2 - 2*i. What is the units digit of n(g)?
2
Let t = 13 - 9. Let s be 14*(-4)/(-56)*t. What is the tens digit of (s + -2 + 38)*1?
4
Let p(h) = 12*h - 4 - h**2 + 0 + 0*h**2. Let l(n) = n + 34. Let f be l(-29). What is the tens digit of p(f)?
3
Let s(g) = -3*g + 27. Let d(n) = n**2 + 8*n - 9. Let h be d(-9). Let w be s(h). Let p = w + -9. What is the tens digit of p?
1
Suppose 3*z + 3*g - 7554 = 0, 74*z + 3*g = 75*z - 2502. What is the hundreds digit of z?
5
Suppose -2*j - j = 2*z + 33, -17 = 3*z - 2*j. What is the units digit of z/27 - (-48)/9?
5
What is the tens digit of -1 + 9/18 + 5058/4?
6
Suppose -2*s + 432 = 4*f, 2*s + 3*s + 4*f - 1050 = 0. What is the units digit of s?
6
Let x(u) = 0*u**2 + 7*u + u**2 - 623 + 607. What is the units digit of x(-10)?
4
Suppose 3*v - 5 = 4*w - 1, 5*v = -5*w + 30. Suppose 4*f - b = 740, 7*f - v*f - 578 = -5*b. What is the tens digit of f?
8
Suppose -4*j = -9*j + 295. Let a = j - 32. What is the tens digit of a?
2
Suppose 8 = 2*l - 2*k, -9 - 11 = -l + 5*k. Suppose w - 7 + 2 = l. Suppose -2*u + 79 = -5*d + 198, 5*d + w*u - 105 = 0. What is the units digit of d?
3
Let b(x) = 452*x**2 - 8. What is the thousands digit of b(-2)?
1
Let m(x) = 6*x - 4 + 10*x - 6*x. What is the tens digit of m(3)?
2
Let c = 790 - 305. Suppose 4*y = -y + 2*n + c, 4*y + n = 375. Suppose 5*s - y = -0*s. What is the tens digit of s?
1
What is the hundreds digit of ((-14)/6)/((-66)/91674)?
2
Suppose 95516 + 59956 = 79*o. What is the units digit of o?
8
Suppose 880 = 3*q + 3*a + 115, 6 = 2*a. Let h = -74 + q. What is the units digit of h?
8
What is the tens digit of (0 + (-237)/(-6))/((-15)/(-1230))?
3
Let p = -189 + 964. What is the tens digit of p?
7
Let u = -8 - -10. Suppose -i - 426 = -5*b - 65, 0 = u*i + 2. What is the tens digit of b?
7
Suppose -3*y - y = 3*g - 28, 4*y + g = 20. Let d = -9 + 12. Suppose -d*f + 35 = -4*z, -y*f - z = 2*z - 5. What is the units digit of f?
5
Let z(j) = j**3 - 3*j**2 - 2*j + 6. Let v be z(5). Suppose -5*u - 39 - v = 0. Let l = -5 - u. What is the units digit of l?
2
What is the tens digit of ((-5202)/(-54))/(-2*(-2)/12)?
8
Let n = 77 + -54. Suppose -87 = -2*f - f. Let i = f + n. What is the tens digit of i?
5
Let m = -37 + 46. Suppose 0 = -m*r + 5*r + 344. What is the units digit of r?
6
Suppose 0 = -d - 2*d. Suppose d = 4*x - 4*a + 2*a - 30, -a + 20 = 5*x. Suppose 3*s - 61 = -3*w + 23, -4*s - x*w + 113 = 0. What is the units digit of s?
7
Let q(h) = 3232*h**2 + h + 2. What is the thousands digit of q(-1)?
3
Let f be (18/21)/(1/63). Suppose 2*y = t + 45 + f, -3*y = -5*t - 138. Suppose 0 = -4*a - 16, 2*a = g - 0*a - y. What is the units digit of g?
3
Suppose 100 = 5*y - y. Suppose 0 = -5*x - 0*x + y. Suppose -26 - 179 = -x*l. What is the units digit of l?
1
Suppose 0 = 4*o - d - 2662, 12*o + 1338 = 14*o - 4*d. What is the hundreds digit of o?
6
Suppose -3*y - 1350 = y - 2*c, 5*c + 25 = 0. What is the units digit of 60/50*y/(-6)?
8
Suppose -5*s - 672 = -172. Let d be (2/5)/((-10)/s). Suppose -d*m = 2*g - 242, -m + 185 = 2*m - 2*g. What is the units digit of m?
1
Let i = 12 - -33. Let y = i - 26. Let a = y + -4. What is the tens digit of a?
1
Let v(u) = -u**2 + 8*u - 9. Let q be v(8). What is the units digit of ((-2)/(-4)*-81)/(q/12)?
4
Let w = -36 + 39. Suppose x - 4 + w = 0. What is the units digit of x?
1
Let x(m) = 26*m - 29. Let b = 18 - 13. What is the units digit of x(b)?
1
Let y(f) = f**3 + 6*f**2 + 6. Let z be y(-5). Let v(a) = a + 10. Let w be v(0). Let t = z + w. What is the units digit of t?
1
What is the tens digit of (12 + -1)/((-18)/10 - -2)?
5
Let t = 1051 - 503. What is the units digit of t?
8
Let g be -6 + 3/(-3)*-16. Let x = -16 - -31. Let l = g + x. What is the units digit of l?
5
Let b be 5/(-1)*(-90)/50. Suppose 5*d = b*d - 112. What is the units digit of d?
8
Let t(b) = -67*b - 727. What is the units digit of t(-21)?
0
Let x be -1 + (1 - -1) - -1. Let a = 96 + -91. Suppose -2*z + 39 = x*j - 3*j, 5*j - a = 0. What is the tens digit of z?
2
What is the units digit of 5 + (-26)/4 - 5451/(-6)?
7
What is the thousands digit of (-39222)/(-8) - 1498/856?
4
Let l(c) = c**2 - 11*c + 11. Let z be l(10). Suppose -a - 3*a = -4*s + 20, -a = s - z. Suppose -265 = -s*b - 2*b. What is the units digit of b?
3
Let w(i) = -6*i**2 + 4*i + 15. Let l(y) = y**2 - 1. Let d(v) = -5*l(v) - w(v). What is the units digit of d(8)?
2
Suppose -2513 = -7*x + 2359. What is the tens digit of x?
9
Let c(p) = p**3 + 14*p**2 - 8*p + 15. What is the hundreds digit of c(-13)?
2
Suppose 12*p = 10*p + 392. Let a = p + -112. What is the tens digit of a?
8
Suppose 2*g = -2*g + 16. Suppose 5*p - x = 563, -4*x - 2 - 442 = -g*p. What is the hundreds digit of p?
1
Let d(i) = -i**3 + 11*i**2 + 4. Let q be d(11). Suppose -q*t = 31 - 15. What is the units digit of (-42)/t - (-8)/16?
1
Let y(l) = -4*l - 2. Let i be y(-12). Let z = -21 + i. Let s = z - -1. What is the tens digit of s?
2
Suppose 3*o - 5*o = -3*h + 3, 0 = o - 2*h + 3. Let c(b) = 0*b - 10 + 35 + 2*b**2 + 2*b - 28. What is the tens digit of c(o)?
2
Let m be 4*(-3)/(-36)*6. Suppose -u + 6*f = f - 6, 0 = m*f - 2. What is the tens digit of 4/(-8)*u*-4?
2
Suppose 4*q = v + 4 - 14, -2 = 2*v + 3*q. Suppose 0*x + 5*p = 5*x + 20, -5*x - v*p = -8. Suppose -26 = -x*n - n. What